14
Let h(y) = y**2 - 29*y - 3572. Let p be h(-83). What is the greatest common divisor of 24 and p?
12
Let o(t) = 4*t - 34. Let d be o(-8). Let f be (1 + -1 + d)*(-9)/3. Calculate the highest common divisor of 18 and f.
18
Let l = -20964 + 23005. Calculate the highest common factor of 26 and l.
13
Let g = -205 - -196. Let n(r) = -r**3 - 8*r**2 + 7*r - 6. Let m be n(g). What is the highest common divisor of m and 12?
12
Suppose 2*z - 3 - 25 = 5*o, -3*z - 8 = 5*o. Let j be 2/(36/(-10) - o). Suppose -148 = -j*y - 48. What is the highest common divisor of 40 and y?
20
Let w(x) = 2*x**2 + 11*x + 10. Let k be w(-12). Suppose -210 = 159*n - k*n. What is the highest common divisor of n and 70?
10
Let m = -12812 - -12815. What is the highest common divisor of 14907 and m?
3
Let r = -6 - 182. Suppose 0 = -g - 5*l - 103, 3*g - 5*l + 51 + 318 = 0. Let a = g - r. What is the greatest common factor of a and 14?
14
Let g be (-38)/(-2) - (19 - 12). What is the highest common factor of 2316 and g?
12
Suppose -3*g - 618 = -3*i, -520*g = -5*i - 516*g + 1028. What is the greatest common factor of i and 901?
17
Let z = 84 - 61. Suppose 11*i - z*i = -288. What is the highest common divisor of 60 and i?
12
Let t be (-11)/(((-2)/(-38))/(-1)). Let j = -264111 + 264168. What is the greatest common divisor of t and j?
19
Let o = -866 + 889. Let v be (3 + -4)*-1 - -126. Suppose -3*b = v - 610. What is the highest common divisor of o and b?
23
Let j(x) = 3*x**2 - 97*x + 55. Let r be j(32). Suppose -v - r*y - 10 = -19*y, 3*y + 36 = 4*v. Let d = -9 + 21. Calculate the highest common divisor of v and d.
6
Let u(c) be the first derivative of -c**4/4 + 2*c**3/3 + 2*c**2 - c + 19. Let y be -4*3/6 + 0. Let f be u(y). What is the greatest common factor of 56 and f?
7
Suppose 0 = -2*m + 6, 4*k = -8*m - 241 + 1665. Calculate the greatest common factor of 224 and k.
14
Let o = 4 + 11. Let v(k) = -12*k**3 + 98*k**2 - 83*k - 15. Let w be v(7). Calculate the highest common factor of w and o.
15
Let y be (2 + 38/(-10))/((-69)/(-230)) + 1432. Calculate the highest common divisor of y and 184.
46
Suppose -3*c - 16*k + 920 = -20*k, 0 = c + 4*k - 312. Let d = c + -287. What is the greatest common factor of 21 and d?
21
Let n be 8165*(0 - (-7 + 0 + 6)*1). Calculate the highest common divisor of 115 and n.
115
Suppose -46*b + 2002 = 136*b. Suppose 437 = -3*h + 8*h - r, -170 = -2*h + 2*r. What is the highest common factor of b and h?
11
Let d be (-13)/455*7 + (-104)/5. Let z be (-3)/d - 372/(-42). Calculate the greatest common factor of z and 261.
9
Let p be 0 + -2 + (-888)/(-2). Let c be 550/(-19 + -36)*17/(-5). What is the greatest common factor of p and c?
34
Let l(q) = q - q**3 + 5 - 8 + 0 + q. Let y be l(2). Let m(n) = -n**2 - 12*n + 10. Let t be m(y). What is the highest common factor of t and 135?
45
Let m = 4224 - 4193. Calculate the highest common divisor of 248 and m.
31
Let w(p) = -4*p - 8. Suppose -4*g - 8*l + 20 = -4*l, 2*g = 4*l - 14. Let z be 4/g*(1 - 2). Let d be w(z). Calculate the highest common divisor of 24 and d.
8
Suppose b + 6*r + 47 = 3*r, 0 = 4*b + 5*r + 195. Let a = b - -50. Suppose -76*f + 81*f - 150 = a. What is the highest common factor of 6 and f?
6
Let j be (114/12)/(2/(-4)). Let r = j - -17. Let k(v) = -4*v - 3. Let f be k(r). Calculate the greatest common divisor of f and 25.
5
Let o = -8372 - -10538. Calculate the greatest common divisor of 228 and o.
114
Let y be (-48)/9*(-24)/32. Suppose -5*v + 427 = y*b - 189, -462 = -3*b + 5*v. What is the greatest common factor of b and 28?
14
Suppose -6*j + 5*j = -n - 5, 5*n = -j - 7. Suppose -j*l + 141 = -24. Let p be -4 + (-12)/15*-1*l. Calculate the greatest common factor of 160 and p.
40
Suppose -c = 2*g - 1 - 12, -4*g = 0. Suppose 10 = 5*x + 3*v + 30, -2*x + 5*v = 8. Let l = x + c. What is the highest common divisor of l and 3?
3
Let c = -53 - -63. Let g(x) = x + 188. Let h be g(-28). What is the highest common divisor of h and c?
10
Suppose 3*h + 40*z = 35*z + 62095, -5*z - 41405 = -2*h. What is the greatest common factor of h and 12?
12
Let a be (-10)/75 + (-6)/(-45) - -21. Let u(v) = 9 + 0 + 0 - 24 + 15*v + 2*v**2. Let d be u(-15). What is the greatest common factor of a and d?
21
Let y be 407/9 + 336/(-54) + 6. Let s = y - 4. Let m = s - 21. What is the highest common factor of m and 50?
10
Let q be (-84)/756 - (-6500)/18. Suppose 135 = -352*r + q*r. Calculate the greatest common factor of r and 40.
5
Let k be 1/(-4 + -1*(-8637)/2159). Suppose 0 = 4*f - k + 399. Calculate the highest common divisor of f and 40.
40
Let i = -58 + 60. Let p = 360 - 306. Calculate the greatest common divisor of p and i.
2
Let v = 19854 + -19846. Calculate the highest common factor of 1208 and v.
8
Let y be 22/(-110) - 18747/30*(-8)/6. Calculate the greatest common divisor of y and 153.
17
Let c(u) = 7*u**2 - 10*u + 30. Let g be c(-8). Let t = 649 - g. What is the highest common divisor of t and 26?
13
Let k(i) = 3*i**3 + 9*i + 3. Suppose -6*b - 4 + 28 = 0. Let l be k(b). What is the greatest common divisor of 21 and l?
21
Let c(d) = d**2 - 484*d + 29407. Let n be c(71). Let a(z) = -5*z + 3 + 3 - 4. Let l be a(-2). Calculate the highest common factor of l and n.
12
Suppose 2*m - 129 = 9. Let f be 0 + 1/(2 - (-5)/(-3)). What is the greatest common factor of f and m?
3
Let l be (-66)/(-4) - 1/(-2). Let f = -13 + l. Suppose -26 = -i - 0*j - f*j, 4*j - 56 = -4*i. What is the greatest common factor of i and 80?
10
Let z be (5/(-3))/(2/(-5280)). Let u(v) = 7*v**2 - 5*v + 16. Let q be u(0). Suppose 0*r + z = q*r. Calculate the greatest common factor of 25 and r.
25
Let x(r) = 69*r**2 + 3*r - 9. Let a be x(2). Let b be 7/((-245)/a)*-50. What is the greatest common factor of 156 and b?
78
Let k(o) = o + 112. Let v be k(20). Let w(r) = -r**2 - 12*r + 1. Let p be w(-4). What is the greatest common factor of v and p?
33
Let s be (3 - 78/4)/(8/(-48)). Let m = -5 + s. Let x be m/5 + (-95)/25 + 4. What is the highest common divisor of 209 and x?
19
Suppose 77*b - 165*b - 145*b = -16776. What is the highest common divisor of b and 2976?
24
Let t(w) = 19*w - 23. Let o(s) = s - 15. Let m be o(3). Let c be -2 + 50/6 + m/9. Let f be t(c). What is the greatest common factor of 8 and f?
8
Let v(r) = 3*r - 13. Let k be v(5). Suppose k*t - 4 = -3*z, 4*t - 28 = z + 3*z. Suppose 0 = t*o - 3*o - 70. Calculate the greatest common factor of 7 and o.
7
Let d(q) be the first derivative of -5*q**2/2 + 62*q - 83. Let w be d(4). Calculate the highest common factor of 6 and w.
6
Suppose g = -4*q - 1 + 21, 5*q = g + 25. Suppose g = -4*v + 3*j - 2*j + 115, -3*j = -15. What is the highest common factor of v and 18?
6
Let k(b) = -53*b + 3005. Let g be k(56). What is the greatest common divisor of 12247 and g?
37
Let x(y) = 5*y**2 + 4*y + 2. Let b be x(-1). Suppose 0 = -4*q + 3*r + 491, b*r = 5*q - 2*q - 372. Calculate the greatest common divisor of 17 and q.
17
Suppose 2*x = 3*y - 42 + 8, y - 8 = -x. Suppose -11*w = -8*w + 9. Let k be (-1 + w/(-6))/((-5)/100). What is the greatest common factor of y and k?
10
Let m(c) = 6*c - 3. Let l be m(10). Let q(n) = n + 28. Suppose -12*v = -11*v + 9. Let d be q(v). What is the highest common factor of d and l?
19
Let g be 168/44 + 4*2/44. Suppose 0 = -y + 4*f + 95, 0 = -7*f + g*f + 3. What is the greatest common divisor of 22 and y?
11
Suppose 9*x - 8 = 11*x. Suppose 14*f - 48 = 22*f. Let a be x/((-8 - f) + 22/12). What is the highest common factor of a and 96?
24
Suppose -7*f - 360 = -2*f. Let i be (-1440)/(-27)*((-12)/8 - -3). Let c = i - f. Calculate the highest common factor of 8 and c.
8
Let v = 1389 - 785. Let p = 931 - v. Let b be p/7 + 7/49*2. Calculate the greatest common factor of 423 and b.
47
Suppose -46*q = -18*q - 4*q - 146880. Calculate the greatest common factor of q and 153.
153
Suppose -2*y - 3*v - 2*v + 204 = 0, -4*v - 444 = -5*y. Let p be ((-322)/(-4))/(-1)*(-2628)/511. Calculate the highest common divisor of p and y.
46
Suppose -b + 40 = 4*b + 5*z, b = 4*z - 12. Suppose 0 = -3*r + j - 67, -r = -b*r + 3*j - 69. Let y = 24 + r. Calculate the highest common factor of 20 and y.
2
Let j be (-1068)/(-178)*(-210)/(-4). Calculate the highest common factor of 693 and j.
63
Let o be (-18)/30 + (-363)/(-5). Let q be 1